of k.
2, 5, 7
Let n(a) = -2*a**3 - 17*a**2 + 7*a - 21. Let t be n(-9). Let z be (-1*(-2)/6)/(1/t). What are the prime factors of (105 - z)/(1*(2 - 0))?
53
Let a be 81/(-18)*(-4)/6. Suppose g - 8*j = -3*j + 1047, -g + a*j + 1055 = 0. What are the prime factors of g?
11, 97
Let y = -54979 - -125569. What are the prime factors of y?
2, 3, 5, 13, 181
Suppose -107*k + 343728 = -334545. What are the prime factors of k?
3, 2113
Let d be (-6)/(-4)*8/(-6). Let k be (((-3)/(-12))/(-1))/(4/(-16)). List the prime factors of (-162)/(d/(0 + k)).
3
List the prime factors of (0 + -284)*(21 - 28).
2, 7, 71
Suppose 19*d = 9*d + 2940. Suppose -5*f + 5*m + 1630 = 0, 4*f - 3*m - 1011 = d. List the prime factors of f.
3, 109
Let r(p) = 11*p**3 - 16*p**2 + 27*p - 69. Let d(v) = 13*v**3 - 15*v**2 + 27*v - 70. Let n(a) = 6*d(a) - 7*r(a). What are the prime factors of n(-21)?
3, 7, 17
Suppose -2*a = 2, 4*l - 106 = 3*a + 1. Suppose -208 = -3*d + l. Suppose d*c = 73*c + 705. List the prime factors of c.
3, 47
What are the prime factors of -10402*(0 + ((-15)/9 - (-2)/3))?
2, 7, 743
Suppose -4*m = -2*a + 110, -35 = -a - m - m. List the prime factors of (195/a)/(2/78).
13
Let s = 2687 - 33. Suppose 0 = 13*z - 232 - s. List the prime factors of z.
2, 3, 37
Let h(g) = 20429*g - 3334. List the prime factors of h(3).
7, 17, 487
Let g(l) = 246*l**2 + 214*l - 55. List the prime factors of g(11).
5, 11, 53
Let t = -2606 - -7399. What are the prime factors of t?
4793
Suppose 0*k = -5*k, 0 = -5*w - 2*k + 35. Let o(b) = b - 7. Let t be o(w). Suppose -14*y + 18*y - 604 = t. List the prime factors of y.
151
Suppose -9*q - 1314 = -1368. List the prime factors of 10/30 + 5326/q.
2, 3, 37
Let x be ((-14)/(-12))/((-5)/(-210)). Suppose 0 = -44*j + x*j - 280. List the prime factors of j.
2, 7
Suppose 21*w - 116*w = -254770 - 232770. What are the prime factors of w?
2, 1283
Let b be (-4)/6*2*3. Let z(y) = 7*y - 85*y**2 + 90*y**2 + 134 - 141. List the prime factors of z(b).
3, 5
Let o = -33 - 7. Let g be o/(-12)*(-3)/1. What are the prime factors of 3/(-5) + (-1936)/g + -4?
3, 7
Let o(x) = -6*x**3 - 22*x**2 + 23*x + 15. Let v(f) = -f**3 - f**2 - f - 1. Let b(j) = o(j) - 5*v(j). List the prime factors of b(-20).
2, 3, 5, 11
Let z = -92 + 86. Let x be (-167*7/(-21))/((-1)/z). Suppose 11*f - x = 2295. What are the prime factors of f?
239
Suppose -z - f + 14 = -4*f, 4*z - 2*f - 16 = 0. Suppose -10*v = -z*v - 160. What are the prime factors of 930/v*3*4/18?
31
Suppose 4*v - 2*q = 1626, -1 + 6 = -5*q. Suppose 0 = 9*y - v - 89. List the prime factors of 8 + -8 - y/(-1).
5, 11
Suppose 16619 - 3931 = 2*j + 3*i, 5*j + i = 31733. List the prime factors of j.
11, 577
Let k be (-4 - -3)/(9/(-18)). Suppose -2306 = -5*a + 2*d, 14*d + 922 = k*a + 13*d. What are the prime factors of a?
2, 3, 7, 11
Suppose 39*a = -64*a + 973638 + 302944. What are the prime factors of a?
2, 6197
Let h(v) = -109*v + 27. Let l be h(-9). Let n = l - 714. List the prime factors of n.
2, 3, 7
Suppose 1147*r = 1125*r + 43846. What are the prime factors of r?
1993
Let d(q) = -510*q + 8504. What are the prime factors of d(-28)?
2, 89
Let h(u) = 91*u - 1697. List the prime factors of h(64).
4127
Suppose -12*m - 21 = -5*m, -46709 = -2*c + 5*m. List the prime factors of c.
37, 631
Let a = 47 + -26. Suppose 0 = -26*l + a*l + 515. Let v = 128 - l. List the prime factors of v.
5
Suppose 4*o + 85208 - 275367 = -5*s, 152126 = 4*s + 2*o. What are the prime factors of s?
3, 7, 1811
Let j be -6 + (0 - -4) - 4. Let u(q) = 8*q - 7. Let s be u(j). Let d = 85 + s. List the prime factors of d.
2, 3, 5
Let g(j) = -4*j - 12. Let z be g(-4). Suppose z*p - 3*q - 12 = 0, -5*p + 16 = -6*q + 2*q. List the prime factors of 236 - (1 - 1 - p).
2, 59
Let l(k) be the first derivative of k**4/4 - 11*k**3/3 - 6*k**2 + 11*k + 2. Let f be (114 - 113)/(2/24). What are the prime factors of l(f)?
11
Let j(m) = 3*m - 46. Let v be j(16). Let b = 24 - -405. Suppose 10 = 3*a + 1, 5*l - b = v*a. What are the prime factors of l?
3, 29
Let z(t) = -t**2 - 3*t + 595. Let o = -71 + 71. Let c be z(o). Suppose 0*x - x = -4*l + c, -3*x + 3 = 0. What are the prime factors of l?
149
Suppose 5 = 3*p - 1. Let j be ((-2)/4)/(3/(-24)). What are the prime factors of 283/j + p/8?
71
Let f = 35902 - 21610. List the prime factors of f.
2, 3, 397
Let d(k) = -13*k**2 + 3*k - 3. Let m be d(-2). Let b = m - -88. Suppose -b*h = -30*h + 300. What are the prime factors of h?
2, 5
Let o = 1650 + 2981. What are the prime factors of o?
11, 421
Suppose -2*j = 5*v + 10, -5*v + 6*v = 3*j - 19. Suppose -4*c - p + 1380 = -876, -j*c = 5*p - 2805. What are the prime factors of c?
5, 113
Suppose -3*u = 18, 2*p - 2370 = 2*u - 3*u. List the prime factors of p.
2, 3, 11
Suppose -10319*f = -10326*f + 167517. What are the prime factors of f?
3, 2659
Let r = 23161 + -9260. What are the prime factors of r?
13901
Let l = 3830 + -2485. List the prime factors of l.
5, 269
Let r be 1 + (0 - (1 - 5)). Let t be -11 + (-1)/(((-20)/12)/r). What are the prime factors of 1*t/16*(0 + -42)?
3, 7
Let f(m) = -m**3 + 29*m**2 - 35*m - 27. Let s be f(27). Let q = s - -162. What are the prime factors of q?
2, 3
Suppose -289 = -5*g - 2*b, 0 = 4*g - 2*b - 116 - 108. What are the prime factors of (-1*22)/(g/(-1311))?
2, 11, 23
Let o(g) = -g**3 - g**2 - g + 3. Let j be o(0). Suppose j*r = -r + 1120. List the prime factors of r.
2, 5, 7
Suppose 303*a - 297*a - 4272 = 0. Suppose -4*p = -2*g - 3094, 1591 = 3*p + 2*g - a. List the prime factors of p.
3, 257
Let x be -22*(4/(-8) + 4)/1. Let y = -86 - x. What are the prime factors of -4*y/12 + -6 + 83?
2, 5
List the prime factors of (12/(-21))/((-32)/167440).
2, 5, 13, 23
List the prime factors of 4/(-9) - 29176/(-36).
2, 3, 5
Suppose 1349 + 623 = 2*a - 1270. List the prime factors of a.
1621
What are the prime factors of (3 - 99/36) + 47108/(-16)*-15?
2, 61, 181
Let l = -61 + 59. Let p be l/7 + (-16)/(-56). Let o(c) = c**3 - 2*c + 97. List the prime factors of o(p).
97
Let b(g) = g + 20. Let a be b(-10). Suppose 24 = -3*p + 2*y, p - 5*y = -11 - a. What are the prime factors of (-4)/p - (-8636)/51?
2, 5, 17
Let x(g) = -2*g + 7. Let u be x(2). Suppose 4*b - 4 = u*b. Suppose 805 = v + b*v. What are the prime factors of v?
7, 23
Let d(n) = 113*n**3 - 24*n**2 + 24*n - 5. List the prime factors of d(4).
3, 257
Let q = -55 + 182. Suppose 5*b - 3*r + 190 + 175 = 0, 0 = -b - 4*r - 50. Let n = q + b. What are the prime factors of n?
3, 19
Let j = -511 - -846. Let p be (-15)/10*928/(-6). Let i = j - p. List the prime factors of i.
103
Let a be (-8)/(-4)*5 - (-3 - -3). Suppose -17*g = -18*g + a. Suppose -420 - 530 = -g*b. What are the prime factors of b?
5, 19
Let w = 115 + -104. Let v = 11 - w. Suppose 2*y = y + 1, -d - 3*y + 82 = v. What are the prime factors of d?
79
Suppose 21*g - 762 = -165 + 516. List the prime factors of g.
53
Let d = -151 + -254. Let l = -259 - d. What are the prime factors of l?
2, 73
Let h(z) = 3*z**2 - 331*z + 312. What are the prime factors of h(130)?
2, 13, 307
What are the prime factors of 16 + (-199654)/42*-3?
3, 4759
Suppose 7*w + 0*w - 63 = 0. Suppose 0 = 4*t - w*t + 315. Suppose -51 = -5*u + i, 2*i + 0*i = -5*u + t. What are the prime factors of u?
11
Suppose -5 - 1 = -6*r. What are the prime factors of -32 + 34 - (-373 - r)?
2, 47
Suppose 0 = 4*q + k - 22933, 12*q - 16*q + 3*k + 22913 = 0. What are the prime factors of q?
2, 1433
Let k = -1073 + 3951. What are the prime factors of k?
2, 1439
Let a(t) = 3*t - 2*t + 4*t. Let k = -48 - -61. List the prime factors of a(k).
5, 13
Suppose 4*k - 7 - 13 = 0. Suppose g - 254 = 3*w, -k*w = -3*g - 0*g + 774. Suppose 7*c = -3*a + 2*c + g, -2*c = a - 87. List the prime factors of a.
7, 13
Suppose -2*d + 7*d = 2*m - 10, -3*m = 3*d - 15. Suppose -3*l + 573 + 579 = d. What are the prime factors of l?
2, 3
Let n = -18 - -29. Suppose -n*o = -12*o + 68. Suppose o + 207 = 5*l. List the prime factors of l.
5, 11
Let g(r) = 0*r**3 + 7 + r**2 - r**3 - 2*r + 3*r**2 - 5. Let w be g(3). Let a = 132 + w. List the prime factors of a.
137
Let x be 2 - (-3 + (-6 - -2724) - -2). Let n = x - -3882. What are the prime factors of n?
3, 389
Let y(u) = 2936*u + 1259. List the prime factors of y(5).
3, 7, 11, 23
Suppose -2*n = 3*w - 37242, 0 = -5*n - 7